{"id":4064,"date":"2025-03-14T19:18:00","date_gmt":"2025-03-14T19:18:00","guid":{"rendered":"https:\/\/epilacorre.com\/?page_id=4064"},"modified":"2025-05-26T09:01:19","modified_gmt":"2025-05-26T09:01:19","slug":"vii-rodanas-trail-race-25","status":"publish","type":"page","link":"https:\/\/epilacorre.com\/index.php\/vii-rodanas-trail-race-25\/","title":{"rendered":"VII Rodanas Trail Race"},"content":{"rendered":"<p><img fetchpriority=\"high\" decoding=\"async\" class=\"aligncenter wp-image-4069\" src=\"https:\/\/epilacorre.com\/wp-content\/uploads\/2025\/02\/WhatsApp-Image-2025-02-23-at-20.46.19-212x300.jpeg\" alt=\"\" width=\"413\" height=\"584\" srcset=\"https:\/\/epilacorre.com\/wp-content\/uploads\/2025\/02\/WhatsApp-Image-2025-02-23-at-20.46.19-212x300.jpeg 212w, https:\/\/epilacorre.com\/wp-content\/uploads\/2025\/02\/WhatsApp-Image-2025-02-23-at-20.46.19-724x1024.jpeg 724w, https:\/\/epilacorre.com\/wp-content\/uploads\/2025\/02\/WhatsApp-Image-2025-02-23-at-20.46.19-768x1086.jpeg 768w, https:\/\/epilacorre.com\/wp-content\/uploads\/2025\/02\/WhatsApp-Image-2025-02-23-at-20.46.19-1086x1536.jpeg 1086w, https:\/\/epilacorre.com\/wp-content\/uploads\/2025\/02\/WhatsApp-Image-2025-02-23-at-20.46.19-920x1301.jpeg 920w, https:\/\/epilacorre.com\/wp-content\/uploads\/2025\/02\/WhatsApp-Image-2025-02-23-at-20.46.19-230x325.jpeg 230w, https:\/\/epilacorre.com\/wp-content\/uploads\/2025\/02\/WhatsApp-Image-2025-02-23-at-20.46.19-350x495.jpeg 350w, https:\/\/epilacorre.com\/wp-content\/uploads\/2025\/02\/WhatsApp-Image-2025-02-23-at-20.46.19-480x679.jpeg 480w, https:\/\/epilacorre.com\/wp-content\/uploads\/2025\/02\/WhatsApp-Image-2025-02-23-at-20.46.19-1320x1867.jpeg 1320w, https:\/\/epilacorre.com\/wp-content\/uploads\/2025\/02\/WhatsApp-Image-2025-02-23-at-20.46.19.jpeg 1414w\" sizes=\"(max-width: 413px) 100vw, 413px\" \/><\/p>\n<h3><\/h3>\n<h3><strong>El pr\u00f3ximo d\u00eda 1 de Junio de 2025 se celebrar\u00e1 en el Santuario de Rodanas de la localidad de \u00c9pila (Zaragoza) la carrera de monta\u00f1a VII \u201cRODANAS TRAIL RACE\u201d \u2013 VILLA DE EPILA, prueba que ser\u00e1 realizada sobre dos distancias no homologadas de 13K con desnivel +400m y 25K con desnivel +1050m.<\/strong><\/h3>\n<h3><img decoding=\"async\" class=\"aligncenter wp-image-4090\" src=\"https:\/\/epilacorre.com\/wp-content\/uploads\/2025\/03\/27-300x223.jpg\" alt=\"\" width=\"512\" height=\"380\" srcset=\"https:\/\/epilacorre.com\/wp-content\/uploads\/2025\/03\/27-300x223.jpg 300w, https:\/\/epilacorre.com\/wp-content\/uploads\/2025\/03\/27-1024x761.jpg 1024w, https:\/\/epilacorre.com\/wp-content\/uploads\/2025\/03\/27-768x571.jpg 768w, https:\/\/epilacorre.com\/wp-content\/uploads\/2025\/03\/27-1536x1142.jpg 1536w, https:\/\/epilacorre.com\/wp-content\/uploads\/2025\/03\/27-2048x1522.jpg 2048w, https:\/\/epilacorre.com\/wp-content\/uploads\/2025\/03\/27-1000x743.jpg 1000w, https:\/\/epilacorre.com\/wp-content\/uploads\/2025\/03\/27-230x171.jpg 230w, https:\/\/epilacorre.com\/wp-content\/uploads\/2025\/03\/27-350x260.jpg 350w, https:\/\/epilacorre.com\/wp-content\/uploads\/2025\/03\/27-480x357.jpg 480w, https:\/\/epilacorre.com\/wp-content\/uploads\/2025\/03\/27-1320x981.jpg 1320w\" sizes=\"(max-width: 512px) 100vw, 512px\" \/><\/h3>\n<h3>El horario de comienzo de las pruebas ser\u00e1 a las 08:30H para la distancia 25K, a las 09:30H para la distancia 13K y marcha senderista a las 8:35h<\/h3>\n<h3>La salida se producir\u00e1 junto a la plaza del Santuario de Rodanas.<\/h3>\n<h3><img decoding=\"async\" class=\"aligncenter wp-image-2988\" src=\"https:\/\/epilacorre.com\/wp-content\/uploads\/2021\/02\/WhatsApp-Image-2020-05-25-at-19.47.21-225x300.jpeg\" alt=\"\" width=\"459\" height=\"612\" srcset=\"https:\/\/epilacorre.com\/wp-content\/uploads\/2021\/02\/WhatsApp-Image-2020-05-25-at-19.47.21-225x300.jpeg 225w, https:\/\/epilacorre.com\/wp-content\/uploads\/2021\/02\/WhatsApp-Image-2020-05-25-at-19.47.21-768x1024.jpeg 768w, https:\/\/epilacorre.com\/wp-content\/uploads\/2021\/02\/WhatsApp-Image-2020-05-25-at-19.47.21-1152x1536.jpeg 1152w, https:\/\/epilacorre.com\/wp-content\/uploads\/2021\/02\/WhatsApp-Image-2020-05-25-at-19.47.21-830x1107.jpeg 830w, https:\/\/epilacorre.com\/wp-content\/uploads\/2021\/02\/WhatsApp-Image-2020-05-25-at-19.47.21-230x307.jpeg 230w, https:\/\/epilacorre.com\/wp-content\/uploads\/2021\/02\/WhatsApp-Image-2020-05-25-at-19.47.21-350x467.jpeg 350w, https:\/\/epilacorre.com\/wp-content\/uploads\/2021\/02\/WhatsApp-Image-2020-05-25-at-19.47.21-480x640.jpeg 480w, https:\/\/epilacorre.com\/wp-content\/uploads\/2021\/02\/WhatsApp-Image-2020-05-25-at-19.47.21.jpeg 1200w\" sizes=\"(max-width: 459px) 100vw, 459px\" \/><\/h3>\n<h3>Recogida de dorsales y bolsa el domingo d\u00eda 1 de Junio.<br \/>\nTodos los atletas podr\u00e1n recoger el dorsal el d\u00eda de la prueba desde las 07.30h y hasta 20 minutos antes de comenzar la prueba, en la zona de salida y meta, teniendo preferencia de recogida por horario de salida. Recomendando estar con tiempo m\u00e1s que suficiente para su recogida. (plaza Santuario de Rodanas)<\/h3>\n<h3><b>En los avituallamientos de carrera, no se ofrecer\u00e1n\u00a0envases de pl\u00e1stico\u00a0para \u00a0el agua. Cada corredor debe de llevar su<br \/>\npropio recipiente (botella o vaso) para rellenar en los avituallamientos. Tambi\u00e9n los participantes de la marcha senderista.\u00a0<\/b><\/h3>\n<h3><img loading=\"lazy\" decoding=\"async\" class=\"aligncenter wp-image-4091\" src=\"https:\/\/epilacorre.com\/wp-content\/uploads\/2025\/03\/26-177x300.jpg\" alt=\"\" width=\"397\" height=\"673\" srcset=\"https:\/\/epilacorre.com\/wp-content\/uploads\/2025\/03\/26-177x300.jpg 177w, https:\/\/epilacorre.com\/wp-content\/uploads\/2025\/03\/26-603x1024.jpg 603w, https:\/\/epilacorre.com\/wp-content\/uploads\/2025\/03\/26-768x1304.jpg 768w, https:\/\/epilacorre.com\/wp-content\/uploads\/2025\/03\/26-905x1536.jpg 905w, https:\/\/epilacorre.com\/wp-content\/uploads\/2025\/03\/26-1207x2048.jpg 1207w, https:\/\/epilacorre.com\/wp-content\/uploads\/2025\/03\/26-1000x1697.jpg 1000w, https:\/\/epilacorre.com\/wp-content\/uploads\/2025\/03\/26-230x390.jpg 230w, https:\/\/epilacorre.com\/wp-content\/uploads\/2025\/03\/26-350x594.jpg 350w, https:\/\/epilacorre.com\/wp-content\/uploads\/2025\/03\/26-480x815.jpg 480w, https:\/\/epilacorre.com\/wp-content\/uploads\/2025\/03\/26-1320x2240.jpg 1320w, https:\/\/epilacorre.com\/wp-content\/uploads\/2025\/03\/26-scaled.jpg 1508w\" sizes=\"(max-width: 397px) 100vw, 397px\" \/><\/h3>\n<p dir=\"auto\"><strong>\u00a0<\/strong><\/p>\n<h3 style=\"text-align: center;\">MATERIAL RECOMENDADO<\/h3>\n<h3>Crema solar y vaselina o crema anti-rozamientos, reloj con alt\u00edmetro,<br \/>\nGPS, gafas de sol, mochila hidrataci\u00f3n, bastones, tel\u00e9fono m\u00f3vil con bater\u00eda suficiente, por si fuese necesario avisar a la Organizaci\u00f3n durante la carrera desde cualquier punto del recorrido. (No en todos los puntos hay cobertura) Cada corredor debe de llevar su propio recipiente (botella o vaso) para rellenar en los avituallamientos.<\/h3>\n<p><span class=\"html-span xexx8yu x4uap5 x18d9i69 xkhd6sd x1hl2dhg x16tdsg8 x1vvkbs x3nfvp2 x1j61x8r x1fcty0u xdj266r xat24cr xgzva0m xhhsvwb xxymvpz xlup9mm x1kky2od\">\u00a0<\/span><\/p>\n<h3><img loading=\"lazy\" decoding=\"async\" class=\"aligncenter wp-image-4092\" src=\"https:\/\/epilacorre.com\/wp-content\/uploads\/2025\/03\/9-300x222.jpg\" alt=\"\" width=\"483\" height=\"358\" srcset=\"https:\/\/epilacorre.com\/wp-content\/uploads\/2025\/03\/9-300x222.jpg 300w, https:\/\/epilacorre.com\/wp-content\/uploads\/2025\/03\/9-1024x758.jpg 1024w, https:\/\/epilacorre.com\/wp-content\/uploads\/2025\/03\/9-768x568.jpg 768w, https:\/\/epilacorre.com\/wp-content\/uploads\/2025\/03\/9-1536x1137.jpg 1536w, https:\/\/epilacorre.com\/wp-content\/uploads\/2025\/03\/9-2048x1516.jpg 2048w, https:\/\/epilacorre.com\/wp-content\/uploads\/2025\/03\/9-1000x740.jpg 1000w, https:\/\/epilacorre.com\/wp-content\/uploads\/2025\/03\/9-230x170.jpg 230w, https:\/\/epilacorre.com\/wp-content\/uploads\/2025\/03\/9-350x259.jpg 350w, https:\/\/epilacorre.com\/wp-content\/uploads\/2025\/03\/9-480x355.jpg 480w, https:\/\/epilacorre.com\/wp-content\/uploads\/2025\/03\/9-1320x977.jpg 1320w\" sizes=\"(max-width: 483px) 100vw, 483px\" \/><\/h3>\n<h3><\/h3>\n<p style=\"text-align: center;\">\n<p>Os presentamos la camiseta de esta edici\u00f3n VII Rodanas Trail Race.<br class=\"html-br\" \/>Todo\/a participante que se inscribe antes del 21 de Mayo recibir\u00e1 en su bolsa de corredor junto a la gorra esta camiseta, repetimos antes del 21\u00a0<span class=\"html-span xexx8yu x4uap5 x18d9i69 xkhd6sd x1hl2dhg x16tdsg8 x1vvkbs x3nfvp2 x1j61x8r x1fcty0u xdj266r xat24cr xgzva0m xhhsvwb xxymvpz xlup9mm x1kky2od\"><img loading=\"lazy\" decoding=\"async\" class=\"xz74otr x168nmei x13lgxp2 x5pf9jr xo71vjh\" src=\"https:\/\/static.xx.fbcdn.net\/images\/emoji.php\/v9\/t20\/1\/16\/1f61c.png\" alt=\"\ud83d\ude1c\" width=\"16\" height=\"16\" \/><\/span><\/p>\n<p style=\"text-align: center;\"><img loading=\"lazy\" decoding=\"async\" class=\"aligncenter size-medium wp-image-4191\" src=\"https:\/\/epilacorre.com\/wp-content\/uploads\/2025\/05\/Camiseta-300x300.jpg\" alt=\"\" width=\"300\" height=\"300\" srcset=\"https:\/\/epilacorre.com\/wp-content\/uploads\/2025\/05\/Camiseta-300x300.jpg 300w, https:\/\/epilacorre.com\/wp-content\/uploads\/2025\/05\/Camiseta-1024x1024.jpg 1024w, https:\/\/epilacorre.com\/wp-content\/uploads\/2025\/05\/Camiseta-150x150.jpg 150w, https:\/\/epilacorre.com\/wp-content\/uploads\/2025\/05\/Camiseta-768x768.jpg 768w, https:\/\/epilacorre.com\/wp-content\/uploads\/2025\/05\/Camiseta-1000x1000.jpg 1000w, https:\/\/epilacorre.com\/wp-content\/uploads\/2025\/05\/Camiseta-230x230.jpg 230w, https:\/\/epilacorre.com\/wp-content\/uploads\/2025\/05\/Camiseta-350x350.jpg 350w, https:\/\/epilacorre.com\/wp-content\/uploads\/2025\/05\/Camiseta-480x480.jpg 480w, https:\/\/epilacorre.com\/wp-content\/uploads\/2025\/05\/Camiseta-1320x1320.jpg 1320w, https:\/\/epilacorre.com\/wp-content\/uploads\/2025\/05\/Camiseta.jpg 1440w\" sizes=\"(max-width: 300px) 100vw, 300px\" \/><\/p>\n<p>Os presentamos la gorra conmemorativa de la carrera. Gorra t\u00e9cnica para correr, que encontrareis en la bolsa corredor@s de las dos distancias<\/p>\n<p><img loading=\"lazy\" decoding=\"async\" class=\"aligncenter size-medium wp-image-4186\" src=\"https:\/\/epilacorre.com\/wp-content\/uploads\/2025\/05\/497276181_17883672963291246_780577597078450670_n-300x300.jpg\" alt=\"\" width=\"300\" height=\"300\" srcset=\"https:\/\/epilacorre.com\/wp-content\/uploads\/2025\/05\/497276181_17883672963291246_780577597078450670_n-300x300.jpg 300w, https:\/\/epilacorre.com\/wp-content\/uploads\/2025\/05\/497276181_17883672963291246_780577597078450670_n-1024x1024.jpg 1024w, https:\/\/epilacorre.com\/wp-content\/uploads\/2025\/05\/497276181_17883672963291246_780577597078450670_n-150x150.jpg 150w, https:\/\/epilacorre.com\/wp-content\/uploads\/2025\/05\/497276181_17883672963291246_780577597078450670_n-768x768.jpg 768w, https:\/\/epilacorre.com\/wp-content\/uploads\/2025\/05\/497276181_17883672963291246_780577597078450670_n-1000x1000.jpg 1000w, https:\/\/epilacorre.com\/wp-content\/uploads\/2025\/05\/497276181_17883672963291246_780577597078450670_n-230x230.jpg 230w, https:\/\/epilacorre.com\/wp-content\/uploads\/2025\/05\/497276181_17883672963291246_780577597078450670_n-350x350.jpg 350w, https:\/\/epilacorre.com\/wp-content\/uploads\/2025\/05\/497276181_17883672963291246_780577597078450670_n-480x480.jpg 480w, https:\/\/epilacorre.com\/wp-content\/uploads\/2025\/05\/497276181_17883672963291246_780577597078450670_n-1320x1320.jpg 1320w, https:\/\/epilacorre.com\/wp-content\/uploads\/2025\/05\/497276181_17883672963291246_780577597078450670_n.jpg 1440w\" sizes=\"(max-width: 300px) 100vw, 300px\" \/><\/p>\n<p>&nbsp;<\/p>\n<h3 style=\"text-align: center;\"><a href=\"https:\/\/www.cronolimits2020.com\/vii-rodanas-trail-race-villa-de-epila\/\"><img loading=\"lazy\" decoding=\"async\" class=\"aligncenter wp-image-3279\" src=\"https:\/\/epilacorre.com\/wp-content\/uploads\/2022\/03\/BOTON_INSCRIPCION.png\" width=\"366\" height=\"177\" srcset=\"https:\/\/epilacorre.com\/wp-content\/uploads\/2022\/03\/BOTON_INSCRIPCION.png 300w, https:\/\/epilacorre.com\/wp-content\/uploads\/2022\/03\/BOTON_INSCRIPCION-230x111.png 230w\" sizes=\"(max-width: 366px) 100vw, 366px\" \/><\/a><\/h3>\n<h3 style=\"text-align: center;\">!!!Nos vemos el 1 de Junio\u00a1\u00a1\u00a1<span class=\"html-span xexx8yu x4uap5 x18d9i69 xkhd6sd x1hl2dhg x16tdsg8 x1vvkbs x3nfvp2 x1j61x8r x1fcty0u xdj266r xat24cr xgzva0m xhhsvwb xxymvpz xlup9mm x1kky2od\"><span style=\"font-size: 16px;\"><img loading=\"lazy\" decoding=\"async\" class=\"aligncenter wp-image-4104\" src=\"https:\/\/epilacorre.com\/wp-content\/uploads\/2025\/03\/OIP-249x300.jpg\" alt=\"\" width=\"117\" height=\"141\" srcset=\"https:\/\/epilacorre.com\/wp-content\/uploads\/2025\/03\/OIP-249x300.jpg 249w, https:\/\/epilacorre.com\/wp-content\/uploads\/2025\/03\/OIP-230x278.jpg 230w, https:\/\/epilacorre.com\/wp-content\/uploads\/2025\/03\/OIP.jpg 256w\" sizes=\"(max-width: 117px) 100vw, 117px\" \/><\/span><\/span><\/h3>\n<h3 style=\"text-align: center;\"><\/h3>\n<h3 style=\"text-align: center;\">Fin de inscripciones d\u00eda\u00a0 28 de Mayo o al completar limite de inscritos.<\/h3>\n<h3 style=\"text-align: center;\">*Desde el 21 de Mayo las tarifas se mantienen, pero<br \/>\nNO SE ENTREGARA CAMISETA POR PLAZOS DE PRODUCCION.<\/h3>\n<p>&nbsp;<\/p>\n<h3><a href=\"https:\/\/epilacorre.com\/wp-content\/uploads\/2025\/03\/Reglamento-Rodanas-Trail-Race-2025.pdf\" target=\"_blank\" rel=\"noopener\"><img loading=\"lazy\" decoding=\"async\" class=\"aligncenter size-full wp-image-3560\" src=\"https:\/\/epilacorre.com\/wp-content\/uploads\/2023\/03\/Captura-de-pantalla-2023-03-02-20.13.11.png\" alt=\"\" width=\"248\" height=\"69\" srcset=\"https:\/\/epilacorre.com\/wp-content\/uploads\/2023\/03\/Captura-de-pantalla-2023-03-02-20.13.11.png 248w, https:\/\/epilacorre.com\/wp-content\/uploads\/2023\/03\/Captura-de-pantalla-2023-03-02-20.13.11-230x64.png 230w\" sizes=\"(max-width: 248px) 100vw, 248px\" \/><\/a><\/h3>\n<p><a href=\"https:\/\/epilacorre.com\/index.php\/recorridos-y-perfiles\/\" target=\"_blank\" rel=\"noopener\"><img loading=\"lazy\" decoding=\"async\" class=\"aligncenter\" src=\"https:\/\/epilacorre.com\/wp-content\/uploads\/2022\/04\/rECORRIDOS-300x92.png\" alt=\"\" width=\"300\" height=\"92\" \/><\/a><\/p>\n<p>&nbsp;<\/p>\n<figure id=\"attachment_4084\"><a href=\"https:\/\/epilacorre.com\/index.php\/alojamientos-cercanos\/\" target=\"_blank\" rel=\"noopener\"><img loading=\"lazy\" decoding=\"async\" class=\"wp-image-4084 aligncenter\" src=\"https:\/\/epilacorre.com\/wp-content\/uploads\/2025\/03\/OIP-1.jpg\" alt=\"\" width=\"273\" height=\"274\" srcset=\"https:\/\/epilacorre.com\/wp-content\/uploads\/2025\/03\/OIP-1.jpg 268w, https:\/\/epilacorre.com\/wp-content\/uploads\/2025\/03\/OIP-1-150x150.jpg 150w, https:\/\/epilacorre.com\/wp-content\/uploads\/2025\/03\/OIP-1-230x232.jpg 230w\" sizes=\"(max-width: 273px) 100vw, 273px\" \/><\/a><\/figure>\n<h3 style=\"text-align: center;\"><strong>ALOJAMIENTOS CERCANOS<\/strong><\/h3>\n<p>&nbsp;<\/p>\n<h3><\/h3>\n<h3 style=\"text-align: center;\">ANTERIORES EDICIONES<\/h3>\n<h3 style=\"text-align: center;\"><strong><a style=\"color: #0000ff;\" href=\"https:\/\/epilacorre.com\/index.php\/2017\/09\/29\/www-trailvilladeepila-com\/\">I Trail villa de \u00c9pila<\/a><\/strong><\/h3>\n<h3 style=\"text-align: center;\"><a style=\"color: #0000ff;\" href=\"https:\/\/epilacorre.com\/index.php\/2017\/11\/08\/clasificaciones-y-fotos-de-la-i-trail-villa-de-epila\/\" target=\"_blank\" rel=\"noopener\">Resumen I TVE 17<\/a><\/h3>\n<h3 style=\"text-align: center;\"><strong><a style=\"color: #0000ff;\" href=\"https:\/\/epilacorre.com\/index.php\/inicio\/sample-page\/\" target=\"_blank\" rel=\"noopener noreferrer\">II Trail villa de \u00c9pila<\/a><\/strong><\/h3>\n<h3 style=\"text-align: center;\"><a style=\"color: #0000ff;\" href=\"https:\/\/epilacorre.com\/index.php\/2018\/11\/14\/ii-trail-villa-de-epila\/\" target=\"_blank\" rel=\"noopener\">Resumen II TVE 18<\/a><\/h3>\n<h3 style=\"text-align: center;\"><strong><a style=\"color: #0000ff;\" href=\"https:\/\/epilacorre.com\/index.php\/trail-villa-de-epila\/\" target=\"_blank\" rel=\"noopener noreferrer\">III Trail villa de \u00c9pila<\/a><\/strong><\/h3>\n<h3 style=\"text-align: center;\"><a style=\"color: #0000ff;\" href=\"https:\/\/epilacorre.com\/index.php\/2019\/10\/16\/ii-trail-villa-de-epila-2\/\" target=\"_blank\" rel=\"noopener\">Resumen III TVE 19\u00a0<\/a><\/h3>\n<h3 style=\"text-align: center;\"><strong><a style=\"color: #0000ff;\" href=\"https:\/\/epilacorre.com\/index.php\/iv-trail-villa-de-epila-rodanas-trail-race\/\" target=\"_blank\" rel=\"noopener noreferrer\">IV Rodanas Trail Race Villa de \u00c9pila<\/a><\/strong><\/h3>\n<h3 style=\"text-align: center;\"><a style=\"color: #0000ff;\" href=\"https:\/\/epilacorre.com\/index.php\/2022\/05\/22\/iv-trail-villa-de-epila-rodanas-trail-race\/\" target=\"_blank\" rel=\"noopener\">Resumen IV RTR 22<\/a><\/h3>\n<h3 style=\"text-align: center;\"><strong><a style=\"color: #0000ff;\" href=\"https:\/\/epilacorre.com\/index.php\/v-trail-villa-de-epila-rodanas-trail-race\/\" target=\"_blank\" rel=\"noopener noreferrer\">V Rodanas Trail Race Villa de \u00c9pila<\/a><\/strong><\/h3>\n<h3 style=\"text-align: center;\"><a style=\"color: #0000ff;\" href=\"https:\/\/epilacorre.com\/index.php\/2023\/06\/24\/v-trail-villa-de-epila-rodanas-trail-race\/\" target=\"_blank\" rel=\"noopener\">Resumen V RTR 23<\/a><\/h3>\n<h3 style=\"text-align: center;\"><strong><a style=\"color: #0000ff;\" href=\"https:\/\/epilacorre.com\/index.php\/vi-trail-villa-de-epila-rodanas-trail-race\/\" target=\"_blank\" rel=\"noopener noreferrer\">VI Rodanas Trail Race Villa de \u00c9pila<\/a><\/strong><\/h3>\n<h3 style=\"text-align: center;\"><a style=\"color: #0000ff;\" href=\"https:\/\/epilacorre.com\/index.php\/2024\/11\/04\/rodanas-trail-race-2024\/\" target=\"_blank\" rel=\"noopener\">Resumen VI RTR 24<\/a><\/h3>\n<h3 style=\"text-align: center;\">PARKING GRATUITO Y COMO LLEGAR<\/h3>\n<h3 style=\"text-align: center;\"><iframe style=\"border: 0;\" src=\"https:\/\/www.google.com\/maps\/embed?pb=!1m14!1m8!1m3!1d5755.156288056428!2d-1.4368629041294463!3d41.61003360037839!3m2!1i1024!2i768!4f13.1!3m3!1m2!1s0xd5bc21911ce83fb%3A0xbd13433299763d71!2s50290%20Santuario%20de%20Rodanas%2C%20Zaragoza!5e1!3m2!1ses!2ses!4v1582371993834!5m2!1ses!2ses\" width=\"600\" height=\"450\" frameborder=\"0\" allowfullscreen=\"allowfullscreen\" data-mce-fragment=\"1\"><\/iframe><\/h3>\n<h3 style=\"text-align: center;\"><\/h3>\n<figure id=\"attachment_3440\" aria-describedby=\"caption-attachment-3440\" style=\"width: 439px\" class=\"wp-caption aligncenter\"><img loading=\"lazy\" decoding=\"async\" class=\"wp-image-3440\" src=\"https:\/\/epilacorre.com\/wp-content\/uploads\/2022\/05\/Logo-Ayuntamiento-de-Epila-300x225.jpg\" alt=\"\" width=\"439\" height=\"329\" srcset=\"https:\/\/epilacorre.com\/wp-content\/uploads\/2022\/05\/Logo-Ayuntamiento-de-Epila-300x225.jpg 300w, https:\/\/epilacorre.com\/wp-content\/uploads\/2022\/05\/Logo-Ayuntamiento-de-Epila-230x172.jpg 230w, https:\/\/epilacorre.com\/wp-content\/uploads\/2022\/05\/Logo-Ayuntamiento-de-Epila-350x262.jpg 350w, https:\/\/epilacorre.com\/wp-content\/uploads\/2022\/05\/Logo-Ayuntamiento-de-Epila.jpg 454w\" sizes=\"(max-width: 439px) 100vw, 439px\" \/><figcaption id=\"caption-attachment-3440\" class=\"wp-caption-text\">Gracias al Ayuntamiento de \u00c9pila<\/figcaption><\/figure>\n<p>&nbsp;<\/p>\n","protected":false},"excerpt":{"rendered":"<p>El pr\u00f3ximo d\u00eda 1 de Junio de 2025 se celebrar\u00e1 en el Santuario de Rodanas de la localidad de \u00c9pila (Zaragoza) la carrera de monta\u00f1a VII \u201cRODANAS TRAIL RACE\u201d \u2013&hellip;<\/p>\n","protected":false},"author":2,"featured_media":0,"parent":0,"menu_order":0,"comment_status":"closed","ping_status":"closed","template":"","meta":{"footnotes":""},"class_list":["post-4064","page","type-page","status-publish","hentry"],"_links":{"self":[{"href":"https:\/\/epilacorre.com\/index.php\/wp-json\/wp\/v2\/pages\/4064","targetHints":{"allow":["GET"]}}],"collection":[{"href":"https:\/\/epilacorre.com\/index.php\/wp-json\/wp\/v2\/pages"}],"about":[{"href":"https:\/\/epilacorre.com\/index.php\/wp-json\/wp\/v2\/types\/page"}],"author":[{"embeddable":true,"href":"https:\/\/epilacorre.com\/index.php\/wp-json\/wp\/v2\/users\/2"}],"replies":[{"embeddable":true,"href":"https:\/\/epilacorre.com\/index.php\/wp-json\/wp\/v2\/comments?post=4064"}],"version-history":[{"count":22,"href":"https:\/\/epilacorre.com\/index.php\/wp-json\/wp\/v2\/pages\/4064\/revisions"}],"predecessor-version":[{"id":4192,"href":"https:\/\/epilacorre.com\/index.php\/wp-json\/wp\/v2\/pages\/4064\/revisions\/4192"}],"wp:attachment":[{"href":"https:\/\/epilacorre.com\/index.php\/wp-json\/wp\/v2\/media?parent=4064"}],"curies":[{"name":"wp","href":"https:\/\/api.w.org\/{rel}","templated":true}]}}