{"id":4073,"date":"2025-02-25T12:36:53","date_gmt":"2025-02-25T12:36:53","guid":{"rendered":"https:\/\/epilacorre.com\/?page_id=4073"},"modified":"2025-03-14T21:07:37","modified_gmt":"2025-03-14T21:07:37","slug":"alojamientos-cercanos","status":"publish","type":"page","link":"https:\/\/epilacorre.com\/index.php\/alojamientos-cercanos\/","title":{"rendered":"Alojamientos cercanos"},"content":{"rendered":"<p>&nbsp;<\/p>\n<h3 style=\"text-align: left;\">Con el \u00fanico prop\u00f3sito de facilitar vuestras demandas. Y que pod\u00e1is disfrutar\/conciliar la vida familiar con estancias cercanas a nuestro entorno y los parajes que nos rodean. Os detallamos algunas opciones.<\/h3>\n<h3 style=\"text-align: center;\"><strong>Santuario de Rodanas<\/strong><\/h3>\n<h3 style=\"text-align: center;\"><a href=\"https:\/\/maps.app.goo.gl\/ug3oYLKJq4Lqufzq5\" target=\"_blank\" rel=\"noopener\"><span style=\"color: #0000ff;\">Parking autocaravanas en el Santuario de Rodanas<\/span><\/a><\/h3>\n<h3 style=\"text-align: center;\"><img decoding=\"async\" class=\"aligncenter size-medium wp-image-4110\" src=\"https:\/\/epilacorre.com\/wp-content\/uploads\/2025\/03\/Parking-300x135.jpg\" alt=\"\" width=\"300\" height=\"135\" srcset=\"https:\/\/epilacorre.com\/wp-content\/uploads\/2025\/03\/Parking-300x135.jpg 300w, https:\/\/epilacorre.com\/wp-content\/uploads\/2025\/03\/Parking-1024x460.jpg 1024w, https:\/\/epilacorre.com\/wp-content\/uploads\/2025\/03\/Parking-768x345.jpg 768w, https:\/\/epilacorre.com\/wp-content\/uploads\/2025\/03\/Parking-1536x690.jpg 1536w, https:\/\/epilacorre.com\/wp-content\/uploads\/2025\/03\/Parking-1000x449.jpg 1000w, https:\/\/epilacorre.com\/wp-content\/uploads\/2025\/03\/Parking-230x103.jpg 230w, https:\/\/epilacorre.com\/wp-content\/uploads\/2025\/03\/Parking-350x157.jpg 350w, https:\/\/epilacorre.com\/wp-content\/uploads\/2025\/03\/Parking-480x216.jpg 480w, https:\/\/epilacorre.com\/wp-content\/uploads\/2025\/03\/Parking-1320x593.jpg 1320w, https:\/\/epilacorre.com\/wp-content\/uploads\/2025\/03\/Parking.jpg 1600w\" sizes=\"(max-width: 300px) 100vw, 300px\" \/><\/h3>\n<h3 style=\"text-align: center;\"><strong>\u00c9pila<\/strong><\/h3>\n<h3 style=\"text-align: center;\"><a href=\"https:\/\/www.airbnb.es\/rooms\/14271494?location=Lumpiaque%20Arag%C3%B3n%20ES&amp;search_mode=regular_search&amp;adults=1&amp;check_in=2026-01-11&amp;check_out=2026-01-16&amp;children=0&amp;infants=0&amp;pets=0&amp;source_impression_id=p3_1740482943_P3Wcz6QrO2103KZF&amp;previous_page_section_name=1001&amp;federated_search_id=96437d51-6142-4129-a2fc-746fa8e0f9fb\" target=\"_blank\" rel=\"noopener\"><span style=\"color: #0000ff;\">Alojamiento entero: apartamento\u00a0<\/span><\/a><\/h3>\n<h3 style=\"text-align: center;\"><strong>Lumpiaque\u00a0<\/strong><\/h3>\n<h3 style=\"text-align: center;\"><span style=\"color: #0000ff;\">Hostal Nogueras\u00a0+34 639 68 17 10<\/span><\/h3>\n<h3 style=\"text-align: center;\"><a href=\"https:\/\/www.airbnb.es\/rooms\/1085663566744366918?search_mode=regular_search&amp;adults=1&amp;category_tag=Tag%3A8678&amp;check_in=2025-03-01&amp;check_out=2025-03-06&amp;children=0&amp;infants=0&amp;source_impression_id=p3_1740482645_P3_FrcIhlP4BRktF&amp;previous_page_section_name=1000&amp;federated_search_id=fa21d797-e47e-4f27-8a49-a5bed207c481\" target=\"_blank\" rel=\"noopener\"><span style=\"color: #0000ff;\">Casa Rural Pe\u00f1a Dorada<\/span><\/a><\/h3>\n<h3 style=\"text-align: center;\"><a href=\"https:\/\/www.airbnb.es\/rooms\/1125856599124675780?location=Lumpiaque%20Arag%C3%B3n%20ES&amp;search_mode=regular_search&amp;adults=1&amp;check_in=2025-03-07&amp;check_out=2025-03-12&amp;children=0&amp;infants=0&amp;pets=0&amp;source_impression_id=p3_1740483237_P38NhUgTg7obffEU&amp;previous_page_section_name=1001&amp;federated_search_id=ea299494-1c2e-416e-83a9-5a1991b170f6\" target=\"_blank\" rel=\"noopener\"><span style=\"color: #0000ff;\">La casa de Lizz<\/span><\/a><\/h3>\n<h3 style=\"text-align: center;\"><a href=\"https:\/\/www.airbnb.es\/rooms\/6501507?location=Lumpiaque%20Arag%C3%B3n%20ES&amp;search_mode=regular_search&amp;adults=1&amp;check_in=2025-03-05&amp;check_out=2025-03-10&amp;children=0&amp;infants=0&amp;pets=0&amp;source_impression_id=p3_1740483110_P34y6lzi439jBX5E&amp;previous_page_section_name=1001&amp;federated_search_id=a638a352-4f50-4dac-9a81-16249d05d13a\" target=\"_blank\" rel=\"noopener\"><span style=\"color: #0000ff;\">Casa de invitados<\/span><\/a><\/h3>\n<h3 style=\"text-align: center;\"><a href=\"https:\/\/www.airbnb.es\/rooms\/21238868?location=Lumpiaque%20Arag%C3%B3n%20ES&amp;search_mode=regular_search&amp;adults=1&amp;check_in=2025-03-09&amp;check_out=2025-03-14&amp;children=0&amp;infants=0&amp;pets=0&amp;source_impression_id=p3_1740483306_P3oG3OfsSI_jTYTQ&amp;previous_page_section_name=1001&amp;federated_search_id=ea299494-1c2e-416e-83a9-5a1991b170f6\" target=\"_blank\" rel=\"noopener\"><span style=\"color: #0000ff;\">Apartamento la Luna<\/span><\/a><\/h3>\n<h3 style=\"text-align: center;\"><a href=\"https:\/\/www.airbnb.es\/rooms\/17874959?location=Lumpiaque%20Arag%C3%B3n%20ES&amp;search_mode=regular_search&amp;adults=1&amp;check_in=2025-03-16&amp;check_out=2025-03-21&amp;children=0&amp;infants=0&amp;pets=0&amp;source_impression_id=p3_1740483581_P32c034V5ke5UeVM&amp;previous_page_section_name=1001&amp;federated_search_id=ea299494-1c2e-416e-83a9-5a1991b170f6\" target=\"_blank\" rel=\"noopener\"><span style=\"color: #0000ff;\">Alojamiento entero: loft<\/span><\/a><\/h3>\n<h3 style=\"text-align: center;\"><a href=\"https:\/\/www.escapadarural.com\/casa-rural\/zaragoza\/casa-las-nubes\" target=\"_blank\" rel=\"noopener\"><span style=\"color: #0000ff;\">Casa las Nubes<\/span><\/a><\/h3>\n<h3 style=\"text-align: center;\"><a href=\"https:\/\/www.airbnb.es\/rooms\/1241788446298414300?location=Lumpiaque%20Arag%C3%B3n%20ES&amp;search_mode=regular_search&amp;adults=1&amp;check_in=2025-05-01&amp;check_out=2025-05-08&amp;children=0&amp;infants=0&amp;pets=0&amp;source_impression_id=p3_1740483364_P347yE1GmYno0m5-&amp;previous_page_section_name=1001&amp;federated_search_id=ea299494-1c2e-416e-83a9-5a1991b170f6\" target=\"_blank\" rel=\"noopener\"><span style=\"color: #0000ff;\">Gran alojamiento para grupos<\/span><\/a><\/h3>\n<h3 style=\"text-align: center;\"><strong>Calatorado<\/strong><\/h3>\n<h3 style=\"text-align: center;\"><a href=\"https:\/\/280hotel.com\/\" target=\"_blank\" rel=\"noopener\"><span style=\"color: #0000ff;\">Hotel 280<\/span><\/a><\/h3>\n<h3 style=\"text-align: center;\"><strong>La Almunia<\/strong><\/h3>\n<h3 style=\"text-align: center;\"><span style=\"color: #0000ff;\"><a style=\"color: #0000ff;\" href=\"https:\/\/www.hotelelpatio.es\/Inicio\/w\/es\" target=\"_blank\" rel=\"noopener\">Hotel El Patio<\/a><\/span><\/h3>\n<h3 style=\"text-align: center;\"><a href=\"https:\/\/www.trivago.es\/es\/oar\/hotel-la-bodega-la-almunia-de-do%C3%B1a-godina?search=100-1566503&amp;sem_keyword=trivago&amp;sem_creativeid=76416221955026&amp;sem_matchtype=bb&amp;sem_network=o&amp;sem_device=c&amp;sem_campaignid=419208345&amp;sem_adgroupid=1222657430199278&amp;sem_targetid=dat-2328215871947472:loc-170&amp;cipc=sem&amp;cip=3409000200&amp;msclkid=e50ffe82ec9016ec7efc994da8adf1f2\" target=\"_blank\" rel=\"noopener\"><span style=\"color: #0000ff;\">Hotel La Bodega<\/span><\/a><\/h3>\n<h3 style=\"text-align: center;\"><\/h3>\n","protected":false},"excerpt":{"rendered":"<p>&nbsp; Con el \u00fanico prop\u00f3sito de facilitar vuestras demandas. Y que pod\u00e1is disfrutar\/conciliar la vida familiar con estancias cercanas a nuestro entorno y los parajes que nos rodean. Os detallamos&hellip;<\/p>\n","protected":false},"author":2,"featured_media":0,"parent":0,"menu_order":0,"comment_status":"closed","ping_status":"closed","template":"","meta":{"footnotes":""},"class_list":["post-4073","page","type-page","status-publish","hentry"],"_links":{"self":[{"href":"https:\/\/epilacorre.com\/index.php\/wp-json\/wp\/v2\/pages\/4073","targetHints":{"allow":["GET"]}}],"collection":[{"href":"https:\/\/epilacorre.com\/index.php\/wp-json\/wp\/v2\/pages"}],"about":[{"href":"https:\/\/epilacorre.com\/index.php\/wp-json\/wp\/v2\/types\/page"}],"author":[{"embeddable":true,"href":"https:\/\/epilacorre.com\/index.php\/wp-json\/wp\/v2\/users\/2"}],"replies":[{"embeddable":true,"href":"https:\/\/epilacorre.com\/index.php\/wp-json\/wp\/v2\/comments?post=4073"}],"version-history":[{"count":9,"href":"https:\/\/epilacorre.com\/index.php\/wp-json\/wp\/v2\/pages\/4073\/revisions"}],"predecessor-version":[{"id":4113,"href":"https:\/\/epilacorre.com\/index.php\/wp-json\/wp\/v2\/pages\/4073\/revisions\/4113"}],"wp:attachment":[{"href":"https:\/\/epilacorre.com\/index.php\/wp-json\/wp\/v2\/media?parent=4073"}],"curies":[{"name":"wp","href":"https:\/\/api.w.org\/{rel}","templated":true}]}}